e factors of (112251/(-18))/(-17) + (-1)/(-6)?
367
Let m(v) = v**2 - 6*v + 7. Let g(r) = -2*r**2 + 12*r - 14. Let q(u) = -3*g(u) - 5*m(u). List the prime factors of q(6).
7
Let i(t) = 11*t**3 + 17*t**2 - 13*t - 30. List the prime factors of i(6).
2, 3, 5
Let n(q) = -q - 12. Let b be n(-8). List the prime factors of ((-502)/b)/((-2)/(-4)).
251
Let s = -938 - -1638. List the prime factors of s.
2, 5, 7
What are the prime factors of (24/108 - (-1733)/(-9))*-3?
577
Let h(t) = -65*t + 525. What are the prime factors of h(-29)?
2, 5, 241
Suppose 0 = 6*b - 0*b - b. Suppose x - 73 = 5*z, b = -3*x + 4*z + z + 189. What are the prime factors of x?
2, 29
Let h = -4 - -7. Suppose 6*p = h*p + 12. Suppose -l = -0*l + j - p, 4*l - 16 = -j. What are the prime factors of l?
2
Let i(k) = -2*k**2 + 80*k + 35. What are the prime factors of i(20)?
5, 167
Let k(v) = -2*v**2 - v - 5. Let r be k(0). Let n(u) = 6*u**2 - 6*u - 9. List the prime factors of n(r).
3, 19
What are the prime factors of (-8)/(-10) + 29257/85?
3, 5, 23
Suppose a + a = -3*b - 3, -a - 4 = 4*b. Suppose 0 = 4*d + 5*f - 138, a = -0*d + d + 5*f - 27. List the prime factors of d.
37
Suppose -12 = 4*d, 402 = 3*k + 9*d - 5*d. Suppose 8*r - 10*r = -k. List the prime factors of r.
3, 23
Suppose -1552 = -3*h - z + 6*z, -4*z - 2072 = -4*h. List the prime factors of h.
3, 173
Let f(a) = 5*a**2 + 13*a + 98. What are the prime factors of f(-5)?
2, 79
Suppose 14*d - 13*d = 0. Let b be -1 + d + (2 - 2). Let z = b - -33. What are the prime factors of z?
2
Suppose 0*g - 4*y = 2*g + 180, 0 = 4*g + y + 374. Let p = g - -171. What are the prime factors of p?
7, 11
Let y be ((-16)/4)/(4/26). What are the prime factors of ((-117)/y)/(1/2)?
3
Suppose -4*t + 32 = -3*d, 4*d = 4*t - 0*t - 36. Let m be ((-6)/d)/((-7)/(-14)). Suppose 3 = -g - 0*n - 2*n, m = -n. What are the prime factors of g?
3
Let i(w) = 6*w + 293. Suppose -9*y = -10*y. List the prime factors of i(y).
293
Let y(i) = 6*i**3 - 14*i**2 + 2*i + 5. Let f(k) = 5*k**3 - 13*k**2 + k + 5. Let n be 6*1*8/12. Let c(v) = n*y(v) - 5*f(v). List the prime factors of c(9).
2, 11
Let o be 6/(-9)*3*17*-4. Suppose 9*j - 5*j - o = 0. List the prime factors of j.
2, 17
List the prime factors of 1/(3285/6558 - (-4)/(-8)).
1093
Let f(c) = c**3 - 14*c**2 + 4*c + 8. Suppose -5*q + 42 = -28. List the prime factors of f(q).
2
Let m be (-86)/(-7) + 8/(-28). Let t be (m/20)/((-3)/(-15)). Suppose 4*d = -3*f + 23, t*d = 6*d - 3*f - 12. What are the prime factors of d?
5
Let y(w) = 527*w + 142. List the prime factors of y(7).
3, 1277
Let b be ((-8)/(-3))/(9/(-27)). Let h(d) = d**2 + 4*d + 13. What are the prime factors of h(b)?
3, 5
Let l(a) = -a**2 + 3*a - 1. Let j be l(3). List the prime factors of (j + (-97)/3)*(4 - 7).
2, 5
Suppose 5*t = 10, 8*t - 3*t - 4 = 2*l. Let i = l + -1. List the prime factors of ((4 - i) + -1)*25.
5
List the prime factors of (-2)/(48/(-12940)) - (-90)/108.
2, 3, 5
What are the prime factors of (-7)/((-14)/(-6)) + 3757 + -3?
11, 31
Let o(w) = w**3 + 4*w**2 + 2*w. Suppose 0 = 5*u + 4*b + 25, -5 = u - 0*u - 3*b. Let s be o(u). What are the prime factors of (-2)/14 - 320/s?
3
Let s be 10 + (0 + -4 - -2). Suppose -p + s = 3*p. Suppose 0 = -6*n + 3*n + p*a + 117, 3*n + 4*a = 99. What are the prime factors of n?
37
Let k(b) = -b**3 - 7*b**2 + b + 10. Let u = -22 - -16. Let s be 7/(-1) - (u + 6). List the prime factors of k(s).
3
Suppose -3*q + 22 = -5. Suppose -q*m = -3*m. Let u = 49 + m. List the prime factors of u.
7
Let h(l) = l - 5. Let b be h(4). Let a be (-8)/12 - ((-138)/18 - 4). List the prime factors of -2 - (0 + b - a).
2, 5
Let i(b) = b. Let r(y) = -6*y**2 + 3*y + 1. Let a = 13 - 14. Let p(o) = a*r(o) + 5*i(o). List the prime factors of p(-3).
47
Suppose 5*r + m = 2250, 0 = -r + 2*m - m + 450. What are the prime factors of r?
2, 3, 5
Let s(i) = -i + 4. Let w be s(5). Let p(v) = -v**3 + v. Let k be p(w). What are the prime factors of 11 - (-1)/(1 + k)?
2, 3
Let y(s) = -2*s**2 + 10*s + 1. Let q(l) = 3*l**2 - 19*l - 1. Let v(i) = -4*q(i) - 7*y(i). List the prime factors of v(-5).
17
Let v be (-3 - -5) + 1*134. Suppose 3*d = -3*m + 2*d + v, 3*d = 3*m - 132. List the prime factors of m.
3, 5
Suppose 0*d + 4*d = -4*y + 428, 0 = -2*d - y + 214. What are the prime factors of d - (-4 - -3) - -3?
3, 37
Let q be 0*1/(-1 - 1). List the prime factors of (q + 309)*(-2 + (-14)/(-6)).
103
Let c(s) = -66*s - 111. What are the prime factors of c(-13)?
3, 83
Let i(n) be the second derivative of n**4/12 + 8*n**3/3 + n**2 + 11*n. List the prime factors of i(-20).
2, 41
Suppose -2*r + 8*r = 0. Suppose 0 = 8*x - r*x - 664. List the prime factors of x.
83
Suppose 0 = 4*y - 261 + 237. List the prime factors of y.
2, 3
Let i(q) = 12*q - 13. Let l = -3 + 8. What are the prime factors of i(l)?
47
Suppose -4*s + 138 = 2*f, 0 = -2*f - s - s + 132. Suppose f + 306 = 4*z + 3*d, -z + 4*d + 78 = 0. List the prime factors of z.
2, 3, 5
Let b be (-5)/15 - 21/(-9). Suppose 2*g - 4*n = 72, 4*g - 92 = g - b*n. Suppose 0 = -2*v + 4*v - g. List the prime factors of v.
2
Let c(w) = 413*w - 454. List the prime factors of c(5).
3, 179
Suppose -3*o + 4507 = -243*m + 242*m, -5*o + 7493 = 3*m. List the prime factors of o.
19, 79
Let u(j) = 11*j**2 - 10*j + 20. What are the prime factors of u(-10)?
2, 5, 61
Suppose -14*n - 6873 = -17*n. List the prime factors of n.
29, 79
Let t(f) = f**2 - 6. Suppose 5 = 5*m - 0*m. Let z be m/(24/(-20) - -1). List the prime factors of t(z).
19
Let q = -237 - -488. List the prime factors of q.
251
Let u(m) = -m**3 + 3*m**2 + 7*m - 7. Let d be u(4). Let x = d - 6. Let w(i) = 9*i**2 + 2. List the prime factors of w(x).
11
Let c(d) = -6*d + 11. Let x be c(4). Let s(p) = 17*p + 21. Let v(f) = 9*f + 10. Let j(y) = x*v(y) + 6*s(y). What are the prime factors of j(-4)?
2, 7
Let i = 7 - 20. Let l be 8 + i - (-2)/2. Let w(d) = 4*d**2 + 4*d - 5. What are the prime factors of w(l)?
43
Suppose z + 3*r - 1316 = 0, -9*r + 1306 = z - 8*r. List the prime factors of z.
1301
Let q(k) = 9*k + 1. Let h = 13 + -12. Let o be q(h). Suppose -a = -o - 4. What are the prime factors of a?
2, 7
Let x(z) = z**2 - 15*z + 3. Let q(r) = 3*r**3 - 2*r**2 - 1. Let t be q(2). Let n be x(t). Let m(h) = -h + 7. List the prime factors of m(n).
2
Let i(s) = 6*s**2 + 42*s - 78. What are the prime factors of i(-26)?
2, 3, 13, 37
Let t be (292/3)/((-12)/36). Let a = 422 + t. What are the prime factors of a?
2, 5, 13
Let l(r) = -r**3 + 9*r**2 - 4*r - 7. Let m be l(6). Let c = m + -9. What are the prime factors of c?
2, 17
Suppose -z + 1 = 2*j, -5*z + 0*z - 4*j = -11. Suppose 23 = 4*l - z*l. What are the prime factors of l?
23
Suppose -29*l + 3768 = -2931. What are the prime factors of l?
3, 7, 11
Suppose -12*n + 5*n = -3507. List the prime factors of n.
3, 167
Let r(y) = -185*y + 3759. What are the prime factors of r(0)?
3, 7, 179
Let g be (-72)/(-8)*1/(-3). Let u be 24/(-5)*(-40)/12. Let v = g + u. List the prime factors of v.
13
What are the prime factors of ((-7470)/12)/(2/(-4))?
3, 5, 83
Suppose 18*x = 4154 + 1480. List the prime factors of x.
313
Let g(y) = -y**2 - 10*y - 2. Let v(l) = l. Let z(j) = -g(j) - 4*v(j). Suppose 0 = 2*x - 4*x - 12. What are the prime factors of z(x)?
2
Suppose 8*p = 3*p + 50. Let m(l) = -l**3 + 10*l**2. Let j be m(p). List the prime factors of (j - -2) + 4 + 14.
2, 5
Suppose 0 = 4*f + 4*v - 40, 3*f - v - 30 = v. Let z(y) = 4*y - f - 9*y + 3*y + 1. List the prime factors of z(-7).
5
Suppose -4*v = 5*s + 1 + 5, 5*v + 4*s + 3 = 0. What are the prime factors of (v/2)/(34/(-12) + 3)?
3
Let r = -148 + 175. Let h(u) = 5*u. Let z be h(2). Suppose z = b - r. What are the prime factors of b?
37
Suppose 12*i - 16*i + 124 = 0. Suppose -8 = 2*r, u - 2*r + i - 123 = 0. What are the prime factors of u?
2, 3, 7
List the prime factors of 2/(5226/(-5238) - -1).
3, 97
Suppose 0*w = -3*b - 3*w + 804, -2*b + 546 = 4*w. List the prime factors of b.
263
Suppose 0 = r - 12. Suppose 3*w - 5*w = -r. Suppose -4*b - l + w*l + 23 = 0, 3*b - 31 = l. List the prime factors of b.
2, 3
Suppose -5*a = -3*s, 0 = 2*a - 4*s + 5 - 19. What are the prime factors of 59 + (-1 - 2 - a)?
59
Let l(z) = -246*z - 222. What are the prime factors of l(-6)?
2, 3, 11, 19
Let d = -11 + 15. Suppose 6 = -d*a - 2. What are the 